?
2, 13, 479
Let w be (-1 - 1)*9/2. Let i = 663 - 579. Let v = i + w. List the prime factors of v.
3, 5
Let n be -3 - 4/((-12)/15). Suppose p - m + 68 = 0, 0 = -n*p - 2*p - 3*m - 272. Let w = 114 + p. What are the prime factors of w?
2, 23
Suppose -100*d = 23*d - 13*d - 765490. What are the prime factors of d?
6959
Let j = -11 - -31. Suppose 15*k - 10 = j*k. Let z(p) = -4*p**3 - p - 2. What are the prime factors of z(k)?
2
Let q(m) be the third derivative of m**5/60 + m**4/4 - 7*m**3/6 - m**2 - 3*m. List the prime factors of q(-8).
3
List the prime factors of (537/6)/(138/(-532) - 14/(-49)).
19, 179
Suppose 22*b - 17*b + 19 = -2*h, 0 = 4*h + 8. What are the prime factors of 158 + b - 0/5?
5, 31
What are the prime factors of ((-1)/2)/(16/(-296640))?
2, 3, 5, 103
Suppose 508*w = 627*w - 74851. What are the prime factors of w?
17, 37
Let k = -25871 + 38411. What are the prime factors of k?
2, 3, 5, 11, 19
Let v be (0 + -21)*(-960)/45. Suppose -2*l + v = 2*l + 2*m, 0 = -l + m + 118. Suppose 2*t - 126 = 3*j, -5*t = 5*j - l - 151. List the prime factors of t.
3, 19
Suppose 22634 = 4*o + 2*h, -4*o + 5*h = -2*o - 11323. What are the prime factors of o?
5659
Let x(d) = -d**3 - 34*d**2 + 106*d - 79. What are the prime factors of x(-38)?
1669
Suppose -36 = y - 13*y. Suppose 0 = 2*w + 4*q - 1136, w - 574 = -7*q + y*q. What are the prime factors of w?
2, 281
Suppose 8*u - 15*u + 14 = 0. Suppose u*i + 19 = 5*o, 2*i = -3*o + i + 18. List the prime factors of 21/(-2 + o) - -1*2.
3
What are the prime factors of 15/((-225)/(-14271))*10?
2, 67, 71
Let p = 42 + -38. Suppose -5*u + 548 = t, -148 = -t - p*u + 400. What are the prime factors of t?
2, 137
Let r be (-6)/(-21) - (-104580)/(-49). Let l = -1450 - r. List the prime factors of l.
2, 3, 19
Let o be 2*(4 - 52/8) - -7. What are the prime factors of 1/(-1)*(-1138)/o + -2?
3, 7
Let t(g) = 350*g - 207. Let i be (-15)/(-4) + -2 + (-18)/(-8). List the prime factors of t(i).
1193
Suppose -130 = 130*m - 132*m. Let x = m - -208. List the prime factors of x.
3, 7, 13
Let j = 7486 + -6971. List the prime factors of j.
5, 103
Suppose 0 = b - 25 + 18, -5*b = 3*r - 37679. List the prime factors of r.
2, 3137
Let k = 121346 + -86419. What are the prime factors of k?
53, 659
Suppose 24*y - 5*b = 26*y - 10612, -y = -4*b - 5306. List the prime factors of y.
2, 7, 379
Suppose -5*j = -j - 4. Let v be j*4/(4/23). Suppose -3*b = -92 + v. What are the prime factors of b?
23
Suppose -249 = 6*i - 267. Suppose 0 = i*p + 7*p - 6380. List the prime factors of p.
2, 11, 29
Suppose 0 = -i - 3*j + 107, i = -5*j + 113 + 2. Let h(w) = w**3 - i*w**2 - 1 - w + 92*w**2 + w - w. What are the prime factors of h(6)?
101
Let u(d) = 44*d + 42. Let y be u(7). Suppose -1730 = -4*g + y. List the prime factors of g.
2, 5, 13
What are the prime factors of -3*((-11675)/3 + (-200)/40)?
2, 5, 7, 167
Suppose -25*q - 1989 = -135589. What are the prime factors of q?
2, 167
Suppose -w = -5*l - 182, -16*l = -20*l. Let b = w - -30. What are the prime factors of b?
2, 53
Suppose 3*k + 75 = -4*t + t, -5*t + 29 = -2*k. Let i = -280 + 197. Let w = k - i. What are the prime factors of w?
61
Let k be (4 - 2 - 6/(-3)) + -9. What are the prime factors of 88 - k/(-5)*-2?
2, 3, 5
Suppose -128*z + 196881 + 313323 = 56572. List the prime factors of z.
2, 443
Suppose -2*a + 4*u = 4, -4*a + u - 5*u + 40 = 0. Let p = 25 + a. Suppose -3*b - 2*b + 260 = 4*k, b = -5*k + p. What are the prime factors of b?
2, 7
Let h = 14196 + -7428. Suppose -16*k - 2*k = -h. List the prime factors of k.
2, 47
Suppose 91 = -2*i + 289. Let z(u) = -40*u**2 - 9*u - 11. Let k be z(-1). Let t = i - k. List the prime factors of t.
3, 47
Let b(v) = 227*v**3 - 5*v**2 + 41*v - 128. List the prime factors of b(7).
3, 5, 17, 61
Let s = 24171 - 2574. What are the prime factors of s?
3, 23, 313
Let p(i) = 195*i**2 + 29*i + 350. What are the prime factors of p(-8)?
2, 6299
Let c(g) = 5*g**2 - 13*g - 253. List the prime factors of c(-46).
5, 19, 23
List the prime factors of 33989 + (-40)/(-5) + (-3 - 2).
2, 7, 607
Let d be (-8 - 0) + 17 + -9. Suppose d*z - 1068 = -3*z - 3*n, 0 = -5*n + 20. What are the prime factors of z?
2, 11
What are the prime factors of (-2)/(-36) - 76457992/(-1872)?
11, 47, 79
Let z(u) = -219*u**3 - 10*u - 9. Suppose 1351*i - 3 = 1354*i. What are the prime factors of z(i)?
2, 5, 11
Let p = -133 + 135. Let b be (p - 1 - 2)/(-3 - -2). What are the prime factors of b + (1 - -7) + 3*1?
2, 3
Suppose 4*a + 2*f + 5 - 27 = 0, a - 1 = 4*f. Suppose -21 - 79 = -a*g. Suppose -y + 78 = -5*r - g, 3*y + 5*r - 194 = 0. What are the prime factors of y?
73
Suppose -15955 = -u - 4*g, 2*u - 44021 = -3*g - 12076. List the prime factors of u.
11, 1453
Let p be (10728/(-126))/(8/28). Let s = p + 421. List the prime factors of s.
3, 41
Suppose -7 + 3 = -2*p + 2*u, 3*p - 2 = u. List the prime factors of (1*-2)/((-8)/1540 - p).
5, 7, 11
Let k be (-6 + 6)/3 - -183. Let j = k - 120. What are the prime factors of j?
3, 7
Suppose -111*x + 728845 = -46*x. What are the prime factors of x?
11213
Suppose -5*l + 5*i = -35, -i - 3 = -2*l + 7. Suppose l*a = -6, b = -0*b + 5*a + 433. What are the prime factors of b?
3, 47
Suppose 0 = -x + 33 + 17. Suppose z + x = 150. Suppose 3*q - 32 = z. What are the prime factors of q?
2, 11
Suppose -6*v + 21605 + 13273 = 0. List the prime factors of v.
5813
Let h = -3407 + 10538. List the prime factors of h.
3, 2377
Suppose 2*g = -d + 3, 0 = -4*g + 5*g + d. Let m(y) = 7*y**2 - 3*y**3 - 13 - 4*y**2 - 22*y**2 - 21*y + 2*y**g. List the prime factors of m(-18).
41
Suppose 0 = 4335*v - 4344*v + 86445. What are the prime factors of v?
5, 17, 113
Let k = 33 + -32. Let y be (-4*6/(-8))/k - 0. Suppose -y*g + 7*g - 325 = 5*h, 3*g = 3*h + 240. List the prime factors of g.
3, 5
Let l(b) = -b**3 + 27*b**2 + 224*b + 18. List the prime factors of l(22).
2, 29, 127
Suppose 20*m = 7 + 213. Suppose 5*c - 12*c - m*c = 0. Suppose 2*j - 293 = 5*d, c*d + 9 = -3*d. List the prime factors of j.
139
Let j be (156 + 1)*1/4*-4. Let t = 122 - j. List the prime factors of t.
3, 31
Let z be 108/5 - (-20)/50. Let b(m) = -z*m**2 + 65*m**2 + 6 - 9*m - 26*m**2 + m**3. List the prime factors of b(-17).
3, 53
Suppose -5*z - 3*u + 976 = 0, -u + 0*u - 3 = 0. Let l be z - -16 - 1*4/(-2). Let y = l + -106. What are the prime factors of y?
109
Let j(q) = 9*q**2 + 3*q + 7. Let h(l) = 8*l**2 + 2*l + 6. Let z(v) = 6*h(v) - 5*j(v). Let f be z(2). Suppose -f*y + 369 = -576. What are the prime factors of y?
3, 5
Let f(p) = -p**3 + 10*p**2 + 12*p - 17. Let g be f(11). Let b be g/4*(-90)/27. Suppose q = -2*r + 154, b*r - 3*q = 2*q + 370. List the prime factors of r.
2, 19
Suppose -22*c + 6*c + 25152 = 0. Suppose 8*s + c = 14*s. What are the prime factors of s?
2, 131
Suppose -3*h + 23 = z, 2*h + 0*z = 4*z + 6. Suppose h*u - 780 = 2*u. What are the prime factors of (-542)/(-6) - (8 + u/(-18))?
7, 13
Let v = 10974 - 4188. List the prime factors of v.
2, 3, 13, 29
Let l = -54 - -33. Let v be (-1)/((8/l)/(-8)). List the prime factors of ((-112)/(-6))/((-14)/v).
2, 7
Let q(x) = 31*x + 13. Let d(z) = -16*z - 7. Let k(u) = 5*d(u) + 2*q(u). Let v be k(-1). List the prime factors of (-42)/(-7)*(-2 - (-159)/v).
2, 47
List the prime factors of 180/1710 + (-26997)/(-19).
7, 29
Suppose -16 = 8*g - 4*g, 2*g + 132 = 4*f. Suppose -35 = 22*c - 17*c. Let w = f - c. List the prime factors of w.
2, 19
Let y(a) = 132*a**3 + a**2 + 7*a - 12. What are the prime factors of y(3)?
2, 3, 199
Suppose -7*n - 292 = -320. Suppose m = 4, n*m = -o + 7*m + 606. List the prime factors of o.
2, 3, 103
Suppose -y = 3*l - 137065, -5*l + 4*y = 51068 - 279504. List the prime factors of l.
2, 5711
Suppose -c + 9*h - 11*h = -2185, 0 = -c + 2*h + 2193. Suppose c - 1669 = 5*t. List the prime factors of t.
2, 13
Suppose 9491 = l + 4*d, -166*l = -163*l + 4*d - 28473. List the prime factors of l.
9491
Let c(j) = j**3 + 6*j**2 - 2*j + 11. Let m be (-14)/3 - (-21)/(-63). Let b be c(m). Suppose a = l + b, 6*l = -4*a + l + 148. What are the prime factors of a?
2, 3, 7
Suppose 164*z = 46*z + 787270 + 3550882. What are the prime factors of z?
2, 7, 13, 101
Suppose 5*i + 38 = -12. Let n be (-32)/80 + (-64)/i. Suppose -x + 10 = 2*d - n*x, -3*x - 48 = -4*d. What are the prime factors of d